{"id":10661,"date":"2024-09-19T23:56:04","date_gmt":"2024-09-19T21:56:04","guid":{"rendered":"https:\/\/gestaltung.architektur.uni-siegen.de\/?page_id=10661"},"modified":"2025-08-28T12:04:03","modified_gmt":"2025-08-28T10:04:03","slug":"archiv_ma_ws_24","status":"publish","type":"page","link":"https:\/\/gestaltung.architektur.uni-siegen.de\/index.php\/archiv_ma_ws_24\/","title":{"rendered":"ARCHIV_MA_WS_24"},"content":{"rendered":"\t\t<div data-elementor-type=\"wp-page\" data-elementor-id=\"10661\" class=\"elementor elementor-10661\">\n\t\t\t\t\t\t<section class=\"elementor-section elementor-top-section elementor-element elementor-element-11b18a1 elementor-section-boxed elementor-section-height-default elementor-section-height-default\" data-id=\"11b18a1\" data-element_type=\"section\" data-e-type=\"section\">\n\t\t\t\t\t\t<div class=\"elementor-container elementor-column-gap-default\">\n\t\t\t\t\t<div class=\"elementor-column elementor-col-50 elementor-top-column elementor-element elementor-element-2507da47\" data-id=\"2507da47\" data-element_type=\"column\" data-e-type=\"column\">\n\t\t\t<div class=\"elementor-widget-wrap\">\n\t\t\t\t\t\t\t<\/div>\n\t\t<\/div>\n\t\t\t\t<div class=\"elementor-column elementor-col-50 elementor-top-column elementor-element elementor-element-74cc707a\" data-id=\"74cc707a\" data-element_type=\"column\" data-e-type=\"column\">\n\t\t\t<div class=\"elementor-widget-wrap elementor-element-populated\">\n\t\t\t\t\t\t<div class=\"elementor-element elementor-element-7eb6e3e1 elementor-widget elementor-widget-heading\" data-id=\"7eb6e3e1\" data-element_type=\"widget\" data-e-type=\"widget\" data-widget_type=\"heading.default\">\n\t\t\t\t<div class=\"elementor-widget-container\">\n\t\t\t\t\t<h2 class=\"elementor-heading-title elementor-size-default\">Master <br>Wintersemester 2024<\/h2>\t\t\t\t<\/div>\n\t\t\t\t<\/div>\n\t\t\t\t\t<\/div>\n\t\t<\/div>\n\t\t\t\t\t<\/div>\n\t\t<\/section>\n\t\t\t\t<section class=\"elementor-section elementor-top-section elementor-element elementor-element-196b834 elementor-section-boxed elementor-section-height-default elementor-section-height-default\" data-id=\"196b834\" data-element_type=\"section\" data-e-type=\"section\">\n\t\t\t\t\t\t<div class=\"elementor-container elementor-column-gap-default\">\n\t\t\t\t\t<div class=\"elementor-column elementor-col-50 elementor-top-column elementor-element elementor-element-a8588b4\" data-id=\"a8588b4\" data-element_type=\"column\" data-e-type=\"column\">\n\t\t\t<div class=\"elementor-widget-wrap elementor-element-populated\">\n\t\t\t\t\t\t<div class=\"elementor-element elementor-element-7bf6158 elementor-widget elementor-widget-heading\" data-id=\"7bf6158\" data-element_type=\"widget\" data-e-type=\"widget\" data-widget_type=\"heading.default\">\n\t\t\t\t<div class=\"elementor-widget-container\">\n\t\t\t\t\t<h2 class=\"elementor-heading-title elementor-size-default\">Entwurf und Gestaltung<\/h2>\t\t\t\t<\/div>\n\t\t\t\t<\/div>\n\t\t\t\t\t<\/div>\n\t\t<\/div>\n\t\t\t\t<div class=\"elementor-column elementor-col-50 elementor-top-column elementor-element elementor-element-3560c22\" data-id=\"3560c22\" data-element_type=\"column\" data-e-type=\"column\">\n\t\t\t<div class=\"elementor-widget-wrap elementor-element-populated\">\n\t\t\t\t\t\t\t<\/div>\n\t\t<\/div>\n\t\t\t\t\t<\/div>\n\t\t<\/section>\n\t\t\t\t<section class=\"elementor-section elementor-top-section elementor-element elementor-element-d3ba3ce elementor-section-boxed elementor-section-height-default elementor-section-height-default\" data-id=\"d3ba3ce\" data-element_type=\"section\" data-e-type=\"section\">\n\t\t\t\t\t\t<div class=\"elementor-container elementor-column-gap-default\">\n\t\t\t\t\t<div class=\"elementor-column elementor-col-50 elementor-top-column elementor-element elementor-element-9b50861\" data-id=\"9b50861\" data-element_type=\"column\" data-e-type=\"column\">\n\t\t\t<div class=\"elementor-widget-wrap elementor-element-populated\">\n\t\t\t\t\t\t<div class=\"elementor-element elementor-element-b344404 elementor-widget elementor-widget-image\" data-id=\"b344404\" data-element_type=\"widget\" data-e-type=\"widget\" data-widget_type=\"image.default\">\n\t\t\t\t<div class=\"elementor-widget-container\">\n\t\t\t\t\t\t\t\t\t\t\t\t<figure class=\"wp-caption\">\n\t\t\t\t\t\t\t\t\t\t<img fetchpriority=\"high\" decoding=\"async\" width=\"1024\" height=\"749\" src=\"https:\/\/gestaltung.architektur.uni-siegen.de\/wp-content\/uploads\/2022\/09\/Isoliertes-Haus-1024x749.jpg\" class=\"attachment-large size-large wp-image-4484\" alt=\"\" srcset=\"https:\/\/gestaltung.architektur.uni-siegen.de\/wp-content\/uploads\/2022\/09\/Isoliertes-Haus-1024x749.jpg 1024w, https:\/\/gestaltung.architektur.uni-siegen.de\/wp-content\/uploads\/2022\/09\/Isoliertes-Haus-300x219.jpg 300w, https:\/\/gestaltung.architektur.uni-siegen.de\/wp-content\/uploads\/2022\/09\/Isoliertes-Haus-768x562.jpg 768w, https:\/\/gestaltung.architektur.uni-siegen.de\/wp-content\/uploads\/2022\/09\/Isoliertes-Haus-1536x1124.jpg 1536w, https:\/\/gestaltung.architektur.uni-siegen.de\/wp-content\/uploads\/2022\/09\/Isoliertes-Haus-2048x1498.jpg 2048w\" sizes=\"(max-width: 1024px) 100vw, 1024px\" \/>\t\t\t\t\t\t\t\t\t\t\t<figcaption class=\"widget-image-caption wp-caption-text\">\u00a9 Tobias Becker<\/figcaption>\n\t\t\t\t\t\t\t\t\t\t<\/figure>\n\t\t\t\t\t\t\t\t\t<\/div>\n\t\t\t\t<\/div>\n\t\t\t\t\t<\/div>\n\t\t<\/div>\n\t\t\t\t<div class=\"elementor-column elementor-col-50 elementor-top-column elementor-element elementor-element-9f41f96\" data-id=\"9f41f96\" data-element_type=\"column\" data-e-type=\"column\">\n\t\t\t<div class=\"elementor-widget-wrap elementor-element-populated\">\n\t\t\t\t\t\t<div class=\"elementor-element elementor-element-121c7b6 elementor-widget elementor-widget-text-editor\" data-id=\"121c7b6\" data-element_type=\"widget\" data-e-type=\"widget\" data-widget_type=\"text-editor.default\">\n\t\t\t\t<div class=\"elementor-widget-container\">\n\t\t\t\t\t\t\t\t\t<p>Entwicklung freier Projekte zu ausgesuchten raumbezogenen Fragestellungen entlang k\u00fcnstlerischer Strategien und Arbeitsweisen. Genauere Informationen erfolgen bei der Einf\u00fchrung.<\/p>\n<p>MA 01.2 Entwurf und Gestaltung<br>Beginn f\u00fcr beide Gruppen: Donnerstag, 17. Oktober 2024, 12 Uhr, PB A 121<\/p>\n<p>Univ.-Prof. Tobias Becker<\/p>\n<p><\/p>\t\t\t\t\t\t\t\t<\/div>\n\t\t\t\t<\/div>\n\t\t\t\t\t<\/div>\n\t\t<\/div>\n\t\t\t\t\t<\/div>\n\t\t<\/section>\n\t\t\t\t<section class=\"elementor-section elementor-top-section elementor-element elementor-element-20e9a51 elementor-section-boxed elementor-section-height-default elementor-section-height-default\" data-id=\"20e9a51\" data-element_type=\"section\" data-e-type=\"section\">\n\t\t\t\t\t\t<div class=\"elementor-container elementor-column-gap-default\">\n\t\t\t\t\t<div class=\"elementor-column elementor-col-100 elementor-top-column elementor-element elementor-element-29e09ac\" data-id=\"29e09ac\" data-element_type=\"column\" data-e-type=\"column\">\n\t\t\t<div class=\"elementor-widget-wrap elementor-element-populated\">\n\t\t\t\t\t\t<div class=\"elementor-element elementor-element-7e88107 elementor-widget elementor-widget-spacer\" data-id=\"7e88107\" data-element_type=\"widget\" data-e-type=\"widget\" data-widget_type=\"spacer.default\">\n\t\t\t\t<div class=\"elementor-widget-container\">\n\t\t\t\t\t\t\t<div class=\"elementor-spacer\">\n\t\t\t<div class=\"elementor-spacer-inner\"><\/div>\n\t\t<\/div>\n\t\t\t\t\t\t<\/div>\n\t\t\t\t<\/div>\n\t\t\t\t\t<\/div>\n\t\t<\/div>\n\t\t\t\t\t<\/div>\n\t\t<\/section>\n\t\t\t\t<\/div>\n\t\t","protected":false},"excerpt":{"rendered":"<p>Master Wintersemester 2024 Entwurf und Gestaltung \u00a9 Tobias Becker Entwicklung freier Projekte zu ausgesuchten raumbezogenen Fragestellungen entlang k\u00fcnstlerischer Strategien und Arbeitsweisen. Genauere Informationen erfolgen bei der Einf\u00fchrung. MA 01.2 Entwurf und Gestaltung Beginn f\u00fcr beide Gruppen: Donnerstag, 17. Oktober 2024, 12 Uhr, PB A 121 Univ.-Prof. Tobias Becker<\/p>\n","protected":false},"author":3,"featured_media":0,"parent":0,"menu_order":0,"comment_status":"closed","ping_status":"closed","template":"","meta":{"footnotes":""},"class_list":["post-10661","page","type-page","status-publish","hentry","entry"],"_links":{"self":[{"href":"https:\/\/gestaltung.architektur.uni-siegen.de\/index.php\/wp-json\/wp\/v2\/pages\/10661","targetHints":{"allow":["GET"]}}],"collection":[{"href":"https:\/\/gestaltung.architektur.uni-siegen.de\/index.php\/wp-json\/wp\/v2\/pages"}],"about":[{"href":"https:\/\/gestaltung.architektur.uni-siegen.de\/index.php\/wp-json\/wp\/v2\/types\/page"}],"author":[{"embeddable":true,"href":"https:\/\/gestaltung.architektur.uni-siegen.de\/index.php\/wp-json\/wp\/v2\/users\/3"}],"replies":[{"embeddable":true,"href":"https:\/\/gestaltung.architektur.uni-siegen.de\/index.php\/wp-json\/wp\/v2\/comments?post=10661"}],"version-history":[{"count":0,"href":"https:\/\/gestaltung.architektur.uni-siegen.de\/index.php\/wp-json\/wp\/v2\/pages\/10661\/revisions"}],"wp:attachment":[{"href":"https:\/\/gestaltung.architektur.uni-siegen.de\/index.php\/wp-json\/wp\/v2\/media?parent=10661"}],"curies":[{"name":"wp","href":"https:\/\/api.w.org\/{rel}","templated":true}]}}

<div data-elementor-type="wp-page" data-elementor-id="10661" class="elementor elementor-10661">
						<section class="elementor-section elementor-top-section elementor-element elementor-element-11b18a1 elementor-section-boxed elementor-section-height-default elementor-section-height-default" data-id="11b18a1" data-element_type="section" data-e-type="section">
						<div class="elementor-container elementor-column-gap-default">
					<div class="elementor-column elementor-col-50 elementor-top-column elementor-element elementor-element-2507da47" data-id="2507da47" data-element_type="column" data-e-type="column">
			<div class="elementor-widget-wrap">
							</div>
		</div>
				<div class="elementor-column elementor-col-50 elementor-top-column elementor-element elementor-element-74cc707a" data-id="74cc707a" data-element_type="column" data-e-type="column">
			<div class="elementor-widget-wrap elementor-element-populated">
						<div class="elementor-element elementor-element-7eb6e3e1 elementor-widget elementor-widget-heading" data-id="7eb6e3e1" data-element_type="widget" data-e-type="widget" data-widget_type="heading.default">
				<div class="elementor-widget-container">
					<h2 class="elementor-heading-title elementor-size-default">Master <br>Wintersemester 2024</h2>				</div>
				</div>
					</div>
		</div>
					</div>
		</section>
				<section class="elementor-section elementor-top-section elementor-element elementor-element-196b834 elementor-section-boxed elementor-section-height-default elementor-section-height-default" data-id="196b834" data-element_type="section" data-e-type="section">
						<div class="elementor-container elementor-column-gap-default">
					<div class="elementor-column elementor-col-50 elementor-top-column elementor-element elementor-element-a8588b4" data-id="a8588b4" data-element_type="column" data-e-type="column">
			<div class="elementor-widget-wrap elementor-element-populated">
						<div class="elementor-element elementor-element-7bf6158 elementor-widget elementor-widget-heading" data-id="7bf6158" data-element_type="widget" data-e-type="widget" data-widget_type="heading.default">
				<div class="elementor-widget-container">
					<h2 class="elementor-heading-title elementor-size-default">Entwurf und Gestaltung</h2>				</div>
				</div>
					</div>
		</div>
				<div class="elementor-column elementor-col-50 elementor-top-column elementor-element elementor-element-3560c22" data-id="3560c22" data-element_type="column" data-e-type="column">
			<div class="elementor-widget-wrap elementor-element-populated">
							</div>
		</div>
					</div>
		</section>
				<section class="elementor-section elementor-top-section elementor-element elementor-element-d3ba3ce elementor-section-boxed elementor-section-height-default elementor-section-height-default" data-id="d3ba3ce" data-element_type="section" data-e-type="section">
						<div class="elementor-container elementor-column-gap-default">
					<div class="elementor-column elementor-col-50 elementor-top-column elementor-element elementor-element-9b50861" data-id="9b50861" data-element_type="column" data-e-type="column">
			<div class="elementor-widget-wrap elementor-element-populated">
						<div class="elementor-element elementor-element-b344404 elementor-widget elementor-widget-image" data-id="b344404" data-element_type="widget" data-e-type="widget" data-widget_type="image.default">
				<div class="elementor-widget-container">
												<figure class="wp-caption">
										<img fetchpriority="high" decoding="async" width="1024" height="749" src="https://gestaltung.architektur.uni-siegen.de/wp-content/uploads/2022/09/Isoliertes-Haus-1024x749.jpg" class="attachment-large size-large wp-image-4484" alt="" srcset="https://gestaltung.architektur.uni-siegen.de/wp-content/uploads/2022/09/Isoliertes-Haus-1024x749.jpg 1024w, https://gestaltung.architektur.uni-siegen.de/wp-content/uploads/2022/09/Isoliertes-Haus-300x219.jpg 300w, https://gestaltung.architektur.uni-siegen.de/wp-content/uploads/2022/09/Isoliertes-Haus-768x562.jpg 768w, https://gestaltung.architektur.uni-siegen.de/wp-content/uploads/2022/09/Isoliertes-Haus-1536x1124.jpg 1536w, https://gestaltung.architektur.uni-siegen.de/wp-content/uploads/2022/09/Isoliertes-Haus-2048x1498.jpg 2048w" sizes="(max-width: 1024px) 100vw, 1024px" />											<figcaption class="widget-image-caption wp-caption-text">© Tobias Becker</figcaption>
										</figure>
									</div>
				</div>
					</div>
		</div>
				<div class="elementor-column elementor-col-50 elementor-top-column elementor-element elementor-element-9f41f96" data-id="9f41f96" data-element_type="column" data-e-type="column">
			<div class="elementor-widget-wrap elementor-element-populated">
						<div class="elementor-element elementor-element-121c7b6 elementor-widget elementor-widget-text-editor" data-id="121c7b6" data-element_type="widget" data-e-type="widget" data-widget_type="text-editor.default">
				<div class="elementor-widget-container">
									<p>Entwicklung freier Projekte zu ausgesuchten raumbezogenen Fragestellungen entlang künstlerischer Strategien und Arbeitsweisen. Genauere Informationen erfolgen bei der Einführung.</p>
<p>MA 01.2 Entwurf und Gestaltung<br>Beginn für beide Gruppen: Donnerstag, 17. Oktober 2024, 12 Uhr, PB A 121</p>
<p>Univ.-Prof. Tobias Becker</p>
<p></p>								</div>
				</div>
					</div>
		</div>
					</div>
		</section>
				<section class="elementor-section elementor-top-section elementor-element elementor-element-20e9a51 elementor-section-boxed elementor-section-height-default elementor-section-height-default" data-id="20e9a51" data-element_type="section" data-e-type="section">
						<div class="elementor-container elementor-column-gap-default">
					<div class="elementor-column elementor-col-100 elementor-top-column elementor-element elementor-element-29e09ac" data-id="29e09ac" data-element_type="column" data-e-type="column">
			<div class="elementor-widget-wrap elementor-element-populated">
						<div class="elementor-element elementor-element-7e88107 elementor-widget elementor-widget-spacer" data-id="7e88107" data-element_type="widget" data-e-type="widget" data-widget_type="spacer.default">
				<div class="elementor-widget-container">
							<div class="elementor-spacer">
			<div class="elementor-spacer-inner"></div>
		</div>
						</div>
				</div>
					</div>
		</div>
					</div>
		</section>
				</div>

<p>Master Wintersemester 2024 Entwurf und Gestaltung © Tobias Becker Entwicklung freier Projekte zu ausgesuchten raumbezogenen Fragestellungen entlang künstlerischer Strategien und Arbeitsweisen. Genauere Informationen erfolgen bei der Einführung. MA 01.2 Entwurf und Gestaltung Beginn für beide Gruppen: Donnerstag, 17. Oktober 2024, 12 Uhr, PB A 121 Univ.-Prof. Tobias Becker</p>
