{"id":11782,"date":"2025-10-08T08:05:21","date_gmt":"2025-10-08T06:05:21","guid":{"rendered":"https:\/\/gestaltung.architektur.uni-siegen.de\/?page_id=11782"},"modified":"2026-04-12T10:02:35","modified_gmt":"2026-04-12T08:02:35","slug":"bachelor","status":"publish","type":"page","link":"https:\/\/gestaltung.architektur.uni-siegen.de\/index.php\/bachelor\/","title":{"rendered":"Bachelor"},"content":{"rendered":"\t\t<div data-elementor-type=\"wp-page\" data-elementor-id=\"11782\" class=\"elementor elementor-11782\">\n\t\t\t\t\t\t<section class=\"elementor-section elementor-top-section elementor-element elementor-element-bbadd25 elementor-section-boxed elementor-section-height-default elementor-section-height-default\" data-id=\"bbadd25\" data-element_type=\"section\" data-e-type=\"section\">\n\t\t\t\t\t\t<div class=\"elementor-container elementor-column-gap-default\">\n\t\t\t\t\t<div class=\"elementor-column elementor-col-50 elementor-top-column elementor-element elementor-element-37d74bd\" data-id=\"37d74bd\" data-element_type=\"column\" data-e-type=\"column\">\n\t\t\t<div class=\"elementor-widget-wrap\">\n\t\t\t\t\t\t\t<\/div>\n\t\t<\/div>\n\t\t\t\t<div class=\"elementor-column elementor-col-50 elementor-top-column elementor-element elementor-element-63affb9\" data-id=\"63affb9\" data-element_type=\"column\" data-e-type=\"column\">\n\t\t\t<div class=\"elementor-widget-wrap elementor-element-populated\">\n\t\t\t\t\t\t<div class=\"elementor-element elementor-element-b740a30 elementor-widget elementor-widget-heading\" data-id=\"b740a30\" data-element_type=\"widget\" data-e-type=\"widget\" data-widget_type=\"heading.default\">\n\t\t\t\t<div class=\"elementor-widget-container\">\n\t\t\t\t\t<h2 class=\"elementor-heading-title elementor-size-default\">Bachelor <br>Sommersemester 2026<\/h2>\t\t\t\t<\/div>\n\t\t\t\t<\/div>\n\t\t\t\t\t<\/div>\n\t\t<\/div>\n\t\t\t\t\t<\/div>\n\t\t<\/section>\n\t\t\t\t<section class=\"elementor-section elementor-top-section elementor-element elementor-element-1585ea37 elementor-section-boxed elementor-section-height-default elementor-section-height-default\" data-id=\"1585ea37\" data-element_type=\"section\" data-e-type=\"section\">\n\t\t\t\t\t\t<div class=\"elementor-container elementor-column-gap-default\">\n\t\t\t\t\t<div class=\"elementor-column elementor-col-50 elementor-top-column elementor-element elementor-element-15a3ee28\" data-id=\"15a3ee28\" data-element_type=\"column\" data-e-type=\"column\">\n\t\t\t<div class=\"elementor-widget-wrap elementor-element-populated\">\n\t\t\t\t\t\t<div class=\"elementor-element elementor-element-60b6f5d1 elementor-widget elementor-widget-heading\" data-id=\"60b6f5d1\" data-element_type=\"widget\" data-e-type=\"widget\" data-widget_type=\"heading.default\">\n\t\t\t\t<div class=\"elementor-widget-container\">\n\t\t\t\t\t<h2 class=\"elementor-heading-title elementor-size-default\">Grundlagen der Gestaltung<\/h2>\t\t\t\t<\/div>\n\t\t\t\t<\/div>\n\t\t\t\t\t<\/div>\n\t\t<\/div>\n\t\t\t\t<div class=\"elementor-column elementor-col-50 elementor-top-column elementor-element elementor-element-1ae248a2\" data-id=\"1ae248a2\" data-element_type=\"column\" data-e-type=\"column\">\n\t\t\t<div class=\"elementor-widget-wrap\">\n\t\t\t\t\t\t\t<\/div>\n\t\t<\/div>\n\t\t\t\t\t<\/div>\n\t\t<\/section>\n\t\t\t\t<section class=\"elementor-section elementor-top-section elementor-element elementor-element-3da78f2c elementor-section-boxed elementor-section-height-default elementor-section-height-default\" data-id=\"3da78f2c\" data-element_type=\"section\" data-e-type=\"section\">\n\t\t\t\t\t\t<div class=\"elementor-container elementor-column-gap-default\">\n\t\t\t\t\t<div class=\"elementor-column elementor-col-50 elementor-top-column elementor-element elementor-element-4206da59\" data-id=\"4206da59\" data-element_type=\"column\" data-e-type=\"column\">\n\t\t\t<div class=\"elementor-widget-wrap elementor-element-populated\">\n\t\t\t\t\t\t<div class=\"elementor-element elementor-element-2ca82f6b elementor-widget elementor-widget-image\" data-id=\"2ca82f6b\" data-element_type=\"widget\" data-e-type=\"widget\" data-widget_type=\"image.default\">\n\t\t\t\t<div class=\"elementor-widget-container\">\n\t\t\t\t\t\t\t\t\t\t\t\t<figure class=\"wp-caption\">\n\t\t\t\t\t\t\t\t\t\t<img fetchpriority=\"high\" decoding=\"async\" width=\"1024\" height=\"768\" src=\"https:\/\/gestaltung.architektur.uni-siegen.de\/wp-content\/uploads\/2023\/03\/Grundlagen-der-Gestaltung-1-1024x768.jpg\" class=\"attachment-large size-large wp-image-6521\" alt=\"\" srcset=\"https:\/\/gestaltung.architektur.uni-siegen.de\/wp-content\/uploads\/2023\/03\/Grundlagen-der-Gestaltung-1-1024x768.jpg 1024w, https:\/\/gestaltung.architektur.uni-siegen.de\/wp-content\/uploads\/2023\/03\/Grundlagen-der-Gestaltung-1-300x225.jpg 300w, https:\/\/gestaltung.architektur.uni-siegen.de\/wp-content\/uploads\/2023\/03\/Grundlagen-der-Gestaltung-1-768x576.jpg 768w, https:\/\/gestaltung.architektur.uni-siegen.de\/wp-content\/uploads\/2023\/03\/Grundlagen-der-Gestaltung-1-1536x1152.jpg 1536w, https:\/\/gestaltung.architektur.uni-siegen.de\/wp-content\/uploads\/2023\/03\/Grundlagen-der-Gestaltung-1-2048x1536.jpg 2048w\" sizes=\"(max-width: 1024px) 100vw, 1024px\" \/>\t\t\t\t\t\t\t\t\t\t\t<figcaption class=\"widget-image-caption wp-caption-text\">\u00a9 Tobias Becker<\/figcaption>\n\t\t\t\t\t\t\t\t\t\t<\/figure>\n\t\t\t\t\t\t\t\t\t<\/div>\n\t\t\t\t<\/div>\n\t\t\t\t\t<\/div>\n\t\t<\/div>\n\t\t\t\t<div class=\"elementor-column elementor-col-50 elementor-top-column elementor-element elementor-element-6ba8714d\" data-id=\"6ba8714d\" data-element_type=\"column\" data-e-type=\"column\">\n\t\t\t<div class=\"elementor-widget-wrap elementor-element-populated\">\n\t\t\t\t\t\t<div class=\"elementor-element elementor-element-71b2acb elementor-widget__width-initial elementor-widget elementor-widget-text-editor\" data-id=\"71b2acb\" data-element_type=\"widget\" data-e-type=\"widget\" data-widget_type=\"text-editor.default\">\n\t\t\t\t<div class=\"elementor-widget-container\">\n\t\t\t\t\t\t\t\t\t<p>Themen und Orte werden bei der Einf\u00fchrung vorgestellt.<\/p><p>Einf\u00fchrung f\u00fcr beide Gruppen:<br \/>Montag, 11. Mai 2026, 10 Uhr, Raum PB-A 122<\/p><p>Weiterer Verlauf des Kurses im Workshopformat, je ganzt\u00e4gig, genaue Orte und Uhrzeiten folgen in K\u00fcrze<\/p><p>Gruppe 1<br \/>11. Mai: 10-12 Uhr Einf\u00fchrung, PB-A 122<br \/>18. Mai: Workshop 1<br \/>15. Juni: Workshop 2<br \/>29. Juni: Workshop 3<br \/>13. Juli: Abgabe, 10 Uhr, PB A 121<\/p><p>Gruppe 2:<br \/>11. Mai: 10-12 Uhr Einf\u00fchrung, PB-A 122<br \/>01. Juni: Workshop 1<br \/>22. Juni: Workshop 2<br \/>06. Juli: Workshop 3<br \/>20. Juli: Abgabe, 10 Uhr, PB A 121<\/p><p>BA 06.1 Grundlagen der Gestaltung<\/p><p>Univ.-Prof. Tobias Becker<br \/>Wiss. Mitarbeiterin Anne Arndt<\/p>\t\t\t\t\t\t\t\t<\/div>\n\t\t\t\t<\/div>\n\t\t\t\t\t<\/div>\n\t\t<\/div>\n\t\t\t\t\t<\/div>\n\t\t<\/section>\n\t\t\t\t<section class=\"elementor-section elementor-top-section elementor-element elementor-element-47429ab8 elementor-section-boxed elementor-section-height-default elementor-section-height-default\" data-id=\"47429ab8\" data-element_type=\"section\" data-e-type=\"section\">\n\t\t\t\t\t\t<div class=\"elementor-container elementor-column-gap-default\">\n\t\t\t\t\t<div class=\"elementor-column elementor-col-100 elementor-top-column elementor-element elementor-element-578a07b6\" data-id=\"578a07b6\" data-element_type=\"column\" data-e-type=\"column\">\n\t\t\t<div class=\"elementor-widget-wrap elementor-element-populated\">\n\t\t\t\t\t\t<div class=\"elementor-element elementor-element-50acb7ba elementor-widget elementor-widget-spacer\" data-id=\"50acb7ba\" data-element_type=\"widget\" data-e-type=\"widget\" data-widget_type=\"spacer.default\">\n\t\t\t\t<div class=\"elementor-widget-container\">\n\t\t\t\t\t\t\t<div class=\"elementor-spacer\">\n\t\t\t<div class=\"elementor-spacer-inner\"><\/div>\n\t\t<\/div>\n\t\t\t\t\t\t<\/div>\n\t\t\t\t<\/div>\n\t\t\t\t\t<\/div>\n\t\t<\/div>\n\t\t\t\t\t<\/div>\n\t\t<\/section>\n\t\t\t\t<section class=\"elementor-section elementor-top-section elementor-element elementor-element-426c7004 elementor-section-boxed elementor-section-height-default elementor-section-height-default\" data-id=\"426c7004\" data-element_type=\"section\" data-e-type=\"section\">\n\t\t\t\t\t\t<div class=\"elementor-container elementor-column-gap-default\">\n\t\t\t\t\t<div class=\"elementor-column elementor-col-50 elementor-top-column elementor-element elementor-element-578c0b7d\" data-id=\"578c0b7d\" data-element_type=\"column\" data-e-type=\"column\">\n\t\t\t<div class=\"elementor-widget-wrap\">\n\t\t\t\t\t\t\t<\/div>\n\t\t<\/div>\n\t\t\t\t<div class=\"elementor-column elementor-col-50 elementor-top-column elementor-element elementor-element-7fddce0\" data-id=\"7fddce0\" data-element_type=\"column\" data-e-type=\"column\">\n\t\t\t<div class=\"elementor-widget-wrap elementor-element-populated\">\n\t\t\t\t\t\t<div class=\"elementor-element elementor-element-10be4282 elementor-widget elementor-widget-heading\" data-id=\"10be4282\" data-element_type=\"widget\" data-e-type=\"widget\" data-widget_type=\"heading.default\">\n\t\t\t\t<div class=\"elementor-widget-container\">\n\t\t\t\t\t<h2 class=\"elementor-heading-title elementor-size-default\">Bachelor<br>\nSommersemester 2026<\/h2>\t\t\t\t<\/div>\n\t\t\t\t<\/div>\n\t\t\t\t\t<\/div>\n\t\t<\/div>\n\t\t\t\t\t<\/div>\n\t\t<\/section>\n\t\t\t\t<section class=\"elementor-section elementor-top-section elementor-element elementor-element-6f519e0 elementor-section-boxed elementor-section-height-default elementor-section-height-default\" data-id=\"6f519e0\" data-element_type=\"section\" data-e-type=\"section\">\n\t\t\t\t\t\t<div class=\"elementor-container elementor-column-gap-default\">\n\t\t\t\t\t<div class=\"elementor-column elementor-col-50 elementor-top-column elementor-element elementor-element-4ee9e017\" data-id=\"4ee9e017\" data-element_type=\"column\" data-e-type=\"column\">\n\t\t\t<div class=\"elementor-widget-wrap elementor-element-populated\">\n\t\t\t\t\t\t<div class=\"elementor-element elementor-element-5f8cde52 elementor-widget elementor-widget-heading\" data-id=\"5f8cde52\" data-element_type=\"widget\" data-e-type=\"widget\" data-widget_type=\"heading.default\">\n\t\t\t\t<div class=\"elementor-widget-container\">\n\t\t\t\t\t<h2 class=\"elementor-heading-title elementor-size-default\">Arbeiten in der offenen Landschaft<br>Exkursion nach Belgien <\/h2>\t\t\t\t<\/div>\n\t\t\t\t<\/div>\n\t\t\t\t\t<\/div>\n\t\t<\/div>\n\t\t\t\t<div class=\"elementor-column elementor-col-50 elementor-top-column elementor-element elementor-element-793a4e9a\" data-id=\"793a4e9a\" data-element_type=\"column\" data-e-type=\"column\">\n\t\t\t<div class=\"elementor-widget-wrap\">\n\t\t\t\t\t\t\t<\/div>\n\t\t<\/div>\n\t\t\t\t\t<\/div>\n\t\t<\/section>\n\t\t\t\t<section class=\"elementor-section elementor-top-section elementor-element elementor-element-7a9a55cc elementor-section-boxed elementor-section-height-default elementor-section-height-default\" data-id=\"7a9a55cc\" data-element_type=\"section\" data-e-type=\"section\">\n\t\t\t\t\t\t<div class=\"elementor-container elementor-column-gap-default\">\n\t\t\t\t\t<div class=\"elementor-column elementor-col-50 elementor-top-column elementor-element elementor-element-28c6867\" data-id=\"28c6867\" data-element_type=\"column\" data-e-type=\"column\">\n\t\t\t<div class=\"elementor-widget-wrap elementor-element-populated\">\n\t\t\t\t\t\t<div class=\"elementor-element elementor-element-3b850358 elementor-widget elementor-widget-image\" data-id=\"3b850358\" data-element_type=\"widget\" data-e-type=\"widget\" data-widget_type=\"image.default\">\n\t\t\t\t<div class=\"elementor-widget-container\">\n\t\t\t\t\t\t\t\t\t\t\t\t<figure class=\"wp-caption\">\n\t\t\t\t\t\t\t\t\t\t<img decoding=\"async\" width=\"724\" height=\"1024\" src=\"https:\/\/gestaltung.architektur.uni-siegen.de\/wp-content\/uploads\/2026\/04\/Plakat_BELGIEN____2026-724x1024.jpg\" class=\"attachment-large size-large wp-image-12863\" alt=\"\" srcset=\"https:\/\/gestaltung.architektur.uni-siegen.de\/wp-content\/uploads\/2026\/04\/Plakat_BELGIEN____2026-724x1024.jpg 724w, https:\/\/gestaltung.architektur.uni-siegen.de\/wp-content\/uploads\/2026\/04\/Plakat_BELGIEN____2026-212x300.jpg 212w, https:\/\/gestaltung.architektur.uni-siegen.de\/wp-content\/uploads\/2026\/04\/Plakat_BELGIEN____2026-768x1086.jpg 768w, https:\/\/gestaltung.architektur.uni-siegen.de\/wp-content\/uploads\/2026\/04\/Plakat_BELGIEN____2026-1086x1536.jpg 1086w, https:\/\/gestaltung.architektur.uni-siegen.de\/wp-content\/uploads\/2026\/04\/Plakat_BELGIEN____2026.jpg 1191w\" sizes=\"(max-width: 724px) 100vw, 724px\" \/>\t\t\t\t\t\t\t\t\t\t\t<figcaption class=\"widget-image-caption wp-caption-text\">Foto \u00a9 Simona Hoff<\/figcaption>\n\t\t\t\t\t\t\t\t\t\t<\/figure>\n\t\t\t\t\t\t\t\t\t<\/div>\n\t\t\t\t<\/div>\n\t\t\t\t\t<\/div>\n\t\t<\/div>\n\t\t\t\t<div class=\"elementor-column elementor-col-50 elementor-top-column elementor-element elementor-element-31a157de\" data-id=\"31a157de\" data-element_type=\"column\" data-e-type=\"column\">\n\t\t\t<div class=\"elementor-widget-wrap elementor-element-populated\">\n\t\t\t\t\t\t<div class=\"elementor-element elementor-element-359a2df elementor-widget elementor-widget-text-editor\" data-id=\"359a2df\" data-element_type=\"widget\" data-e-type=\"widget\" data-widget_type=\"text-editor.default\">\n\t\t\t\t<div class=\"elementor-widget-container\">\n\t\t\t\t\t\t\t\t\t<p>Die Exkursion f\u00fchrt uns nach Ouffet, ein kleines belgisches D\u00f6rfchen in der N\u00e4he von L\u00fcttich. Wir werden vor Ort k\u00fcnstlerisch arbeiten. Ein Schwerpunkt wird die Zeichnung sein, es kann aber auch mit anderen Medien gearbeitet werden. Wir werden in einem weitl\u00e4ufigen Haus untergebracht sein, das uns mit seiner unmittelbaren landschaftlichen Umgebung viel Raum und Inspiration f\u00fcr die Entwicklung freier Arbeiten erm\u00f6glicht. Absicht der Exkursion ist die konzentrierte Arbeit abseits des Unialltags.<\/p>\n<p>Anmeldungen bis zum 24. April formlos per Email an Prof. Tobias Becker (becker@architektur.uni-siegen.de). Die Teilnehmer*innenzahl ist auf 18 begrenzt. Sollte es mehr als 18 Anmeldungen geben, entscheidet das Los. Im Vorfeld der Exkursion wird es eine kurze Info-Veranstaltung geben, um Details zu besprechen.<\/p>\n<p>8.-12. Juni 2026&nbsp;<\/p>\n<p>An- und Abreise privat per Auto<br>\nOrt: Ouffet, Belgien<\/p>\n<p>Kosten: ca. 220 \u20ac (Der genaue Betrag wird bei der Info-Veranstaltung feststehen)<\/p>\n<p>Bachelor\/Master <\/p>\n<p>Univ.-Prof. Tobias Becker<br>\nWiss. Mitarbeiterin Anne Arndt<\/p>\t\t\t\t\t\t\t\t<\/div>\n\t\t\t\t<\/div>\n\t\t\t\t\t<\/div>\n\t\t<\/div>\n\t\t\t\t\t<\/div>\n\t\t<\/section>\n\t\t\t\t<section class=\"elementor-section elementor-top-section elementor-element elementor-element-72a4efba elementor-section-boxed elementor-section-height-default elementor-section-height-default\" data-id=\"72a4efba\" data-element_type=\"section\" data-e-type=\"section\">\n\t\t\t\t\t\t<div class=\"elementor-container elementor-column-gap-default\">\n\t\t\t\t\t<div class=\"elementor-column elementor-col-100 elementor-top-column elementor-element elementor-element-2ee6194a\" data-id=\"2ee6194a\" data-element_type=\"column\" data-e-type=\"column\">\n\t\t\t<div class=\"elementor-widget-wrap elementor-element-populated\">\n\t\t\t\t\t\t<div class=\"elementor-element elementor-element-2aa94c9b elementor-widget elementor-widget-spacer\" data-id=\"2aa94c9b\" data-element_type=\"widget\" data-e-type=\"widget\" data-widget_type=\"spacer.default\">\n\t\t\t\t<div class=\"elementor-widget-container\">\n\t\t\t\t\t\t\t<div class=\"elementor-spacer\">\n\t\t\t<div class=\"elementor-spacer-inner\"><\/div>\n\t\t<\/div>\n\t\t\t\t\t\t<\/div>\n\t\t\t\t<\/div>\n\t\t\t\t\t<\/div>\n\t\t<\/div>\n\t\t\t\t\t<\/div>\n\t\t<\/section>\n\t\t\t\t<\/div>\n\t\t","protected":false},"excerpt":{"rendered":"<p>Bachelor Sommersemester 2026 Grundlagen der Gestaltung \u00a9 Tobias Becker Themen und Orte werden bei der Einf\u00fchrung vorgestellt. Einf\u00fchrung f\u00fcr beide Gruppen:Montag, 11. Mai 2026, 10 Uhr, Raum PB-A 122 Weiterer Verlauf des Kurses im Workshopformat, je ganzt\u00e4gig, genaue Orte und Uhrzeiten folgen in K\u00fcrze Gruppe 111. Mai: 10-12 Uhr Einf\u00fchrung, PB-A 12218. Mai: Workshop 115. [&hellip;]<\/p>\n","protected":false},"author":9,"featured_media":0,"parent":0,"menu_order":0,"comment_status":"closed","ping_status":"closed","template":"","meta":{"footnotes":""},"class_list":["post-11782","page","type-page","status-publish","hentry","entry"],"_links":{"self":[{"href":"https:\/\/gestaltung.architektur.uni-siegen.de\/index.php\/wp-json\/wp\/v2\/pages\/11782","targetHints":{"allow":["GET"]}}],"collection":[{"href":"https:\/\/gestaltung.architektur.uni-siegen.de\/index.php\/wp-json\/wp\/v2\/pages"}],"about":[{"href":"https:\/\/gestaltung.architektur.uni-siegen.de\/index.php\/wp-json\/wp\/v2\/types\/page"}],"author":[{"embeddable":true,"href":"https:\/\/gestaltung.architektur.uni-siegen.de\/index.php\/wp-json\/wp\/v2\/users\/9"}],"replies":[{"embeddable":true,"href":"https:\/\/gestaltung.architektur.uni-siegen.de\/index.php\/wp-json\/wp\/v2\/comments?post=11782"}],"version-history":[{"count":102,"href":"https:\/\/gestaltung.architektur.uni-siegen.de\/index.php\/wp-json\/wp\/v2\/pages\/11782\/revisions"}],"predecessor-version":[{"id":12872,"href":"https:\/\/gestaltung.architektur.uni-siegen.de\/index.php\/wp-json\/wp\/v2\/pages\/11782\/revisions\/12872"}],"wp:attachment":[{"href":"https:\/\/gestaltung.architektur.uni-siegen.de\/index.php\/wp-json\/wp\/v2\/media?parent=11782"}],"curies":[{"name":"wp","href":"https:\/\/api.w.org\/{rel}","templated":true}]}}