{"id":11931,"date":"2025-09-22T23:21:31","date_gmt":"2025-09-22T21:21:31","guid":{"rendered":"https:\/\/gestaltung.architektur.uni-siegen.de\/?page_id=11931"},"modified":"2025-09-24T20:52:19","modified_gmt":"2025-09-24T18:52:19","slug":"bautag_2025_fassadenstegreif","status":"publish","type":"page","link":"https:\/\/gestaltung.architektur.uni-siegen.de\/index.php\/bautag_2025_fassadenstegreif\/","title":{"rendered":"Bautag_2025_Fassadenstegreif"},"content":{"rendered":"\t\t<div data-elementor-type=\"wp-page\" data-elementor-id=\"11931\" class=\"elementor elementor-11931\">\n\t\t\t\t\t\t<section class=\"elementor-section elementor-top-section elementor-element elementor-element-05527a7 elementor-section-boxed elementor-section-height-default elementor-section-height-default\" data-id=\"05527a7\" data-element_type=\"section\" data-e-type=\"section\">\n\t\t\t\t\t\t<div class=\"elementor-container elementor-column-gap-default\">\n\t\t\t\t\t<div class=\"elementor-column elementor-col-50 elementor-top-column elementor-element elementor-element-50322d1\" data-id=\"50322d1\" data-element_type=\"column\" data-e-type=\"column\">\n\t\t\t<div class=\"elementor-widget-wrap elementor-element-populated\">\n\t\t\t\t\t\t<div class=\"elementor-element elementor-element-222c609 elementor-widget elementor-widget-image\" data-id=\"222c609\" data-element_type=\"widget\" data-e-type=\"widget\" data-widget_type=\"image.default\">\n\t\t\t\t<div class=\"elementor-widget-container\">\n\t\t\t\t\t\t\t\t\t\t\t\t\t\t\t<img fetchpriority=\"high\" decoding=\"async\" width=\"819\" height=\"1024\" src=\"https:\/\/gestaltung.architektur.uni-siegen.de\/wp-content\/uploads\/2025\/09\/Stegreif_Anku\u0308ndigung-819x1024.jpg\" class=\"attachment-large size-large wp-image-11999\" alt=\"\" srcset=\"https:\/\/gestaltung.architektur.uni-siegen.de\/wp-content\/uploads\/2025\/09\/Stegreif_Anku\u0308ndigung-819x1024.jpg 819w, https:\/\/gestaltung.architektur.uni-siegen.de\/wp-content\/uploads\/2025\/09\/Stegreif_Anku\u0308ndigung-240x300.jpg 240w, https:\/\/gestaltung.architektur.uni-siegen.de\/wp-content\/uploads\/2025\/09\/Stegreif_Anku\u0308ndigung-768x960.jpg 768w, https:\/\/gestaltung.architektur.uni-siegen.de\/wp-content\/uploads\/2025\/09\/Stegreif_Anku\u0308ndigung-1229x1536.jpg 1229w, https:\/\/gestaltung.architektur.uni-siegen.de\/wp-content\/uploads\/2025\/09\/Stegreif_Anku\u0308ndigung-1638x2048.jpg 1638w, https:\/\/gestaltung.architektur.uni-siegen.de\/wp-content\/uploads\/2025\/09\/Stegreif_Anku\u0308ndigung-scaled.jpg 2048w\" sizes=\"(max-width: 819px) 100vw, 819px\" \/>\t\t\t\t\t\t\t\t\t\t\t\t\t\t\t<\/div>\n\t\t\t\t<\/div>\n\t\t\t\t\t<\/div>\n\t\t<\/div>\n\t\t\t\t<div class=\"elementor-column elementor-col-50 elementor-top-column elementor-element elementor-element-cbca5c2\" data-id=\"cbca5c2\" data-element_type=\"column\" data-e-type=\"column\">\n\t\t\t<div class=\"elementor-widget-wrap elementor-element-populated\">\n\t\t\t\t\t\t<div class=\"elementor-element elementor-element-39f785c elementor-widget__width-initial elementor-widget elementor-widget-text-editor\" data-id=\"39f785c\" data-element_type=\"widget\" data-e-type=\"widget\" data-widget_type=\"text-editor.default\">\n\t\t\t\t<div class=\"elementor-widget-container\">\n\t\t\t\t\t\t\t\t\t<p><strong>Fassadenstegreif \u2013 Replay \/ Remix \/ Reinvent<br>Stegreif MA<\/strong><\/p>\n<p>Thema dieses Stegreifs ist die akkurate Erstellung einer isometrischen Fassadenansicht als CAD-Zeichnung. Ihr werdet Fassaden aus den 1950er bis 1980er Jahren in Siegen betrachten, sie fotografisch m\u00f6glichst genau dokumentieren und eine ausgesuchte Fassade nachzeichnen. Die direkte und detailgetreue Fassadenzeichnung tr\u00e4gt nicht nur zum tieferen Verst\u00e4ndnis bestehender Fassadengestaltung bei, sie bezieht auch Stellung im aktuellen Diskurs \u00fcber den Umgang mit dem Bestand. Erst wenn der Bestand bewusst wahrgenommen und gelesen werden kann, wird man ihn auch klug umbauen k\u00f6nnen.<\/p>\n<p>Der Fassadenstegreif ist thematisch eingebunden in den diesj\u00e4hrigen Siegener Bautag mit dem Titel: Fassaden \u2013 Replay \/ Remix \/ Reinvent. Der Bautag fragt nach einer zeitgen\u00f6ssischen Praxis im Umgang mit bestehenden Fassaden im Zuge des Umbaus unserer St\u00e4dte. Die Tagung findet am 7. November 2025 im Druckhaus \u2013 der zuk\u00fcnftigen Wirkungsst\u00e4tte der Neuen Architekturschule Siegen \u2013 statt. Die Fassadenzeichnungen werden im Rahmen dieser Veranstaltung prominent ausgestellt.<\/p>\n<p>Anmeldungen \u00fcber <a href=\"https:\/\/unisono.uni-siegen.de\/qisserver\/pages\/cs\/sys\/portal\/hisinoneStartPage.faces\" target=\"_blank\" rel=\"noopener\">unisono<\/a> oder per mail &#8211; auch f\u00fcr R\u00fcckfragen &#8211; an <a href=\"mailto:Christina.Prochaska@uni-siegen.de\" target=\"_blank\" rel=\"noopener\">Christina.Prochaska@uni-siegen.de<\/a><\/p>\n<p>Ausgabe: Montag, 6. Oktober 2025, 9 Uhr, Friedrichstra\u00dfe 23<br>Abgabe: Montag, 27. Oktober 2025 digital<\/p>\n<p>Weiterf\u00fchrende Informationen zum Siegener Bautag 2025 <a href=\"https:\/\/web3.webhosting.zimt.uni-siegen.de\/gestaltung\/index.php\/bautag_2025\/\">hier<\/a> oder hier <a href=\"https:\/\/www.instagram.com\/foerderverein_bauwesen\/\" target=\"_blank\" rel=\"noopener\">@foerderverein_bauwesen<\/a><\/p>\t\t\t\t\t\t\t\t<\/div>\n\t\t\t\t<\/div>\n\t\t\t\t\t<\/div>\n\t\t<\/div>\n\t\t\t\t\t<\/div>\n\t\t<\/section>\n\t\t\t\t<\/div>\n\t\t","protected":false},"excerpt":{"rendered":"<p>Fassadenstegreif \u2013 Replay \/ Remix \/ ReinventStegreif MA Thema dieses Stegreifs ist die akkurate Erstellung einer isometrischen Fassadenansicht als CAD-Zeichnung. Ihr werdet Fassaden aus den 1950er bis 1980er Jahren in Siegen betrachten, sie fotografisch m\u00f6glichst genau dokumentieren und eine ausgesuchte Fassade nachzeichnen. Die direkte und detailgetreue Fassadenzeichnung tr\u00e4gt nicht nur zum tieferen Verst\u00e4ndnis bestehender Fassadengestaltung [&hellip;]<\/p>\n","protected":false},"author":3,"featured_media":0,"parent":0,"menu_order":0,"comment_status":"closed","ping_status":"closed","template":"","meta":{"footnotes":""},"class_list":["post-11931","page","type-page","status-publish","hentry","entry"],"_links":{"self":[{"href":"https:\/\/gestaltung.architektur.uni-siegen.de\/index.php\/wp-json\/wp\/v2\/pages\/11931","targetHints":{"allow":["GET"]}}],"collection":[{"href":"https:\/\/gestaltung.architektur.uni-siegen.de\/index.php\/wp-json\/wp\/v2\/pages"}],"about":[{"href":"https:\/\/gestaltung.architektur.uni-siegen.de\/index.php\/wp-json\/wp\/v2\/types\/page"}],"author":[{"embeddable":true,"href":"https:\/\/gestaltung.architektur.uni-siegen.de\/index.php\/wp-json\/wp\/v2\/users\/3"}],"replies":[{"embeddable":true,"href":"https:\/\/gestaltung.architektur.uni-siegen.de\/index.php\/wp-json\/wp\/v2\/comments?post=11931"}],"version-history":[{"count":13,"href":"https:\/\/gestaltung.architektur.uni-siegen.de\/index.php\/wp-json\/wp\/v2\/pages\/11931\/revisions"}],"predecessor-version":[{"id":12009,"href":"https:\/\/gestaltung.architektur.uni-siegen.de\/index.php\/wp-json\/wp\/v2\/pages\/11931\/revisions\/12009"}],"wp:attachment":[{"href":"https:\/\/gestaltung.architektur.uni-siegen.de\/index.php\/wp-json\/wp\/v2\/media?parent=11931"}],"curies":[{"name":"wp","href":"https:\/\/api.w.org\/{rel}","templated":true}]}}