{"id":3058,"date":"2022-05-31T13:47:10","date_gmt":"2022-05-31T11:47:10","guid":{"rendered":"https:\/\/gestaltung.architektur.uni-siegen.de\/?page_id=3058"},"modified":"2025-09-17T09:56:52","modified_gmt":"2025-09-17T07:56:52","slug":"impressum","status":"publish","type":"page","link":"https:\/\/gestaltung.architektur.uni-siegen.de\/index.php\/impressum\/","title":{"rendered":"Impressum"},"content":{"rendered":"\t\t<div data-elementor-type=\"wp-page\" data-elementor-id=\"3058\" class=\"elementor elementor-3058\">\n\t\t\t\t\t\t<section class=\"elementor-section elementor-top-section elementor-element elementor-element-cdd9f82 elementor-section-boxed elementor-section-height-default elementor-section-height-default\" data-id=\"cdd9f82\" data-element_type=\"section\" data-e-type=\"section\">\n\t\t\t\t\t\t<div class=\"elementor-container elementor-column-gap-default\">\n\t\t\t\t\t<div class=\"elementor-column elementor-col-100 elementor-top-column elementor-element elementor-element-589ed9f\" data-id=\"589ed9f\" data-element_type=\"column\" data-e-type=\"column\">\n\t\t\t<div class=\"elementor-widget-wrap elementor-element-populated\">\n\t\t\t\t\t\t<div class=\"elementor-element elementor-element-062a991 elementor-widget elementor-widget-heading\" data-id=\"062a991\" data-element_type=\"widget\" data-e-type=\"widget\" data-widget_type=\"heading.default\">\n\t\t\t\t<div class=\"elementor-widget-container\">\n\t\t\t\t\t<h2 class=\"elementor-heading-title elementor-size-default\">Impressum<\/h2>\t\t\t\t<\/div>\n\t\t\t\t<\/div>\n\t\t\t\t<div class=\"elementor-element elementor-element-fb5645e elementor-widget elementor-widget-text-editor\" data-id=\"fb5645e\" data-element_type=\"widget\" data-e-type=\"widget\" data-widget_type=\"text-editor.default\">\n\t\t\t\t<div class=\"elementor-widget-container\">\n\t\t\t\t\t\t\t\t\t<p>Univ.-Prof. Tobias Becker <br \/>Lehrgebiet Gestaltung &amp; Gestaltungstheorie <br \/>Fakult\u00e4t II Bildung \u2219 Architektur \u2219 K\u00fcnste<br \/>Universit\u00e4t Siegen<br \/>Paul-Bonatz-Stra\u00dfe 9-11<br \/>57068 Siegen<br \/>Tel. +49 271 740-2281<br \/>becker@architektur.uni-siegen.de<\/p><p>Die Universit\u00e4t Siegen ist eine K\u00f6rperschaft des \u00f6ffentlichen Rechts und zugleich eine Einrichtung des Landes Nordrhein-Westfalen.<br \/>Sie wird vertreten durch den Rektor Univ.-Prof. Dr. Holger Burckhart.<\/p><p>Zust\u00e4ndige Aufsichtsbeh\u00f6rde: Ministerium f\u00fcr Innovation, Wissenschaft, Forschung des Landes Nordrhein-Westfalen.<\/p><p>Umsatzsteuer-Identifikationsnummer gem\u00e4\u00df \u00a7 27 a Umsatzsteuergesetz: DE 154854171.<\/p>\t\t\t\t\t\t\t\t<\/div>\n\t\t\t\t<\/div>\n\t\t\t\t\t<\/div>\n\t\t<\/div>\n\t\t\t\t\t<\/div>\n\t\t<\/section>\n\t\t\t\t<\/div>\n\t\t","protected":false},"excerpt":{"rendered":"<p>Impressum Univ.-Prof. Tobias Becker Lehrgebiet Gestaltung &amp; Gestaltungstheorie Fakult\u00e4t II Bildung \u2219 Architektur \u2219 K\u00fcnsteUniversit\u00e4t SiegenPaul-Bonatz-Stra\u00dfe 9-1157068 SiegenTel. +49 271 740-2281becker@architektur.uni-siegen.de Die Universit\u00e4t Siegen ist eine K\u00f6rperschaft des \u00f6ffentlichen Rechts und zugleich eine Einrichtung des Landes Nordrhein-Westfalen.Sie wird vertreten durch den Rektor Univ.-Prof. Dr. Holger Burckhart. Zust\u00e4ndige Aufsichtsbeh\u00f6rde: Ministerium f\u00fcr Innovation, Wissenschaft, Forschung des Landes [&hellip;]<\/p>\n","protected":false},"author":6,"featured_media":0,"parent":0,"menu_order":0,"comment_status":"closed","ping_status":"closed","template":"","meta":{"footnotes":""},"class_list":["post-3058","page","type-page","status-publish","hentry","entry"],"_links":{"self":[{"href":"https:\/\/gestaltung.architektur.uni-siegen.de\/index.php\/wp-json\/wp\/v2\/pages\/3058","targetHints":{"allow":["GET"]}}],"collection":[{"href":"https:\/\/gestaltung.architektur.uni-siegen.de\/index.php\/wp-json\/wp\/v2\/pages"}],"about":[{"href":"https:\/\/gestaltung.architektur.uni-siegen.de\/index.php\/wp-json\/wp\/v2\/types\/page"}],"author":[{"embeddable":true,"href":"https:\/\/gestaltung.architektur.uni-siegen.de\/index.php\/wp-json\/wp\/v2\/users\/6"}],"replies":[{"embeddable":true,"href":"https:\/\/gestaltung.architektur.uni-siegen.de\/index.php\/wp-json\/wp\/v2\/comments?post=3058"}],"version-history":[{"count":3,"href":"https:\/\/gestaltung.architektur.uni-siegen.de\/index.php\/wp-json\/wp\/v2\/pages\/3058\/revisions"}],"predecessor-version":[{"id":11764,"href":"https:\/\/gestaltung.architektur.uni-siegen.de\/index.php\/wp-json\/wp\/v2\/pages\/3058\/revisions\/11764"}],"wp:attachment":[{"href":"https:\/\/gestaltung.architektur.uni-siegen.de\/index.php\/wp-json\/wp\/v2\/media?parent=3058"}],"curies":[{"name":"wp","href":"https:\/\/api.w.org\/{rel}","templated":true}]}}