{"id":8323,"date":"2023-11-21T13:52:15","date_gmt":"2023-11-21T12:52:15","guid":{"rendered":"https:\/\/gestaltung.architektur.uni-siegen.de\/?page_id=8323"},"modified":"2025-08-28T12:12:48","modified_gmt":"2025-08-28T10:12:48","slug":"archiv_ss_24_finissage_maximilian-erbacher","status":"publish","type":"page","link":"https:\/\/gestaltung.architektur.uni-siegen.de\/index.php\/archiv_ss_24_finissage_maximilian-erbacher\/","title":{"rendered":"ARCHIV_SS_24_FINISSAGE_MAXIMILIAN ERBACHER"},"content":{"rendered":"\t\t<div data-elementor-type=\"wp-page\" data-elementor-id=\"8323\" class=\"elementor elementor-8323\">\n\t\t\t\t\t\t<section class=\"elementor-section elementor-top-section elementor-element elementor-element-9df7a2e elementor-section-boxed elementor-section-height-default elementor-section-height-default\" data-id=\"9df7a2e\" data-element_type=\"section\" data-e-type=\"section\">\n\t\t\t\t\t\t<div class=\"elementor-container elementor-column-gap-default\">\n\t\t\t\t\t<div class=\"elementor-column elementor-col-50 elementor-top-column elementor-element elementor-element-7b718a3\" data-id=\"7b718a3\" data-element_type=\"column\" data-e-type=\"column\">\n\t\t\t<div class=\"elementor-widget-wrap elementor-element-populated\">\n\t\t\t\t\t\t<div class=\"elementor-element elementor-element-0468b08 elementor-widget elementor-widget-image\" data-id=\"0468b08\" data-element_type=\"widget\" data-e-type=\"widget\" data-widget_type=\"image.default\">\n\t\t\t\t<div class=\"elementor-widget-container\">\n\t\t\t\t\t\t\t\t\t\t\t\t\t\t\t<img fetchpriority=\"high\" decoding=\"async\" width=\"724\" height=\"1024\" src=\"https:\/\/gestaltung.architektur.uni-siegen.de\/wp-content\/uploads\/2024\/03\/Plakat_Versprechen_Ku\u0308nstlergespra\u0308ch-724x1024.jpg\" class=\"attachment-large size-large wp-image-10123\" alt=\"\" srcset=\"https:\/\/gestaltung.architektur.uni-siegen.de\/wp-content\/uploads\/2024\/03\/Plakat_Versprechen_Ku\u0308nstlergespra\u0308ch-724x1024.jpg 724w, https:\/\/gestaltung.architektur.uni-siegen.de\/wp-content\/uploads\/2024\/03\/Plakat_Versprechen_Ku\u0308nstlergespra\u0308ch-212x300.jpg 212w, https:\/\/gestaltung.architektur.uni-siegen.de\/wp-content\/uploads\/2024\/03\/Plakat_Versprechen_Ku\u0308nstlergespra\u0308ch-768x1086.jpg 768w, https:\/\/gestaltung.architektur.uni-siegen.de\/wp-content\/uploads\/2024\/03\/Plakat_Versprechen_Ku\u0308nstlergespra\u0308ch-1086x1536.jpg 1086w, https:\/\/gestaltung.architektur.uni-siegen.de\/wp-content\/uploads\/2024\/03\/Plakat_Versprechen_Ku\u0308nstlergespra\u0308ch.jpg 1191w\" sizes=\"(max-width: 724px) 100vw, 724px\" \/>\t\t\t\t\t\t\t\t\t\t\t\t\t\t\t<\/div>\n\t\t\t\t<\/div>\n\t\t\t\t\t<\/div>\n\t\t<\/div>\n\t\t\t\t<div class=\"elementor-column elementor-col-50 elementor-top-column elementor-element elementor-element-9aa5981\" data-id=\"9aa5981\" data-element_type=\"column\" data-e-type=\"column\">\n\t\t\t<div class=\"elementor-widget-wrap elementor-element-populated\">\n\t\t\t\t\t\t<div class=\"elementor-element elementor-element-e595942 elementor-widget__width-initial elementor-widget elementor-widget-text-editor\" data-id=\"e595942\" data-element_type=\"widget\" data-e-type=\"widget\" data-widget_type=\"text-editor.default\">\n\t\t\t\t<div class=\"elementor-widget-container\">\n\t\t\t\t\t\t\t\t\t<div>Wir laden Sie und Euch herzlich ein zur Finissage der Ausstellung <strong>VERSPRECHEN<\/strong> des K\u00fcnstlers Maximilian Erbacher am Dienstag, den 23. April um 18 Uhr.<\/div>\n<div>&nbsp;<\/div>\n<div>Die Finissage wird begleitet von einem K\u00fcnstlergespr\u00e4ch zwischen Maximilian Erbacher und Kay von Keitz. Abgeleitet aus Erbachers k\u00fcnstlerischer Arbeit sprechen die G\u00e4ste \u00fcber den \u00f6ffentlichen Raum als Ort der \u2013 mitunter sehr aufgeladenen \u2013 Verhandlung gesellschaftlicher Debatten und \u00fcber Strategien der produktiven Teilhabe an diesen Prozessen.<\/div>\n<div>&nbsp;<\/div>\n<p>Maximilian Erbacher<\/p>\n<p><i>Maximilian Erbacher studierte Visuelle Kommunikation an der Hochschule f\u00fcr Gestaltung in Augsburg, an der University of Ulster in Belfast und in D\u00fcsseldorf. 2002 schloss er ein Postgraduiertenstudium an der Kunsthochschule f\u00fcr Medien K\u00f6ln bei Valie Export und J\u00fcrgen Klauke ab. Seither arbeitet Erbacher als Bildender K\u00fcnstler mit zunehmendem Fokus auf den \u00f6ffentlichen Raum, den er sich mit Interventionen und dem Betreiben von Ausstellungsr\u00e4umen auf verschiedene Weise zu eigen macht. Von 2011 bis 2014 f\u00fchrte er gemeinsam mit der K\u00fcnstlerin Yvonne Klasen den Ausstellungsraum Boutique &#8211; Raum f\u00fcr tempor\u00e4re Kunst am Ebertplatz in K\u00f6ln, 2016-2017 konzipierte und realisierte er zusammen mit Diana Ebster die Ausstellungsreihe \u201eZeige deine Wunde\u201d f\u00fcr das MaximiliansForum in M\u00fcnchen. F\u00fcr die Stadt K\u00f6ln gr\u00fcndete er mit ehemaligen Ateliergenossen der Mehlhaus Ateliers die Opekta Ateliers K\u00f6ln. Zuletzt erwarb er an der Kunstakademie M\u00fcnchen und an der Ludwig-Maximilians-Universit\u00e4t die gro\u00dfe Fakultas im Bereich Kunst.<\/i><\/p>\n<p>Kay von Keitz<\/p>\n<p><i>Kay von Keitz hat Kulturwissenschaften und \u00e4sthetische Praxis an der Universit\u00e4t Hildesheim studiert. Er lebt seit 1993 in K\u00f6ln und arbeitet in den Bereichen Kunst, Architektur und Urbanismus als freier Autor, Herausgeber (u.a. \u201eEn passant\u201c, \u201eArchitektur im Kontext\u201c, \u201eDer urbane Kongress\u201c) und Kurator (u.a. \u201egestern die stadt von morgen\u201c, \u201eReisen im Kreis\u201c). Er konzipiert k\u00fcnstlerische Projekte, Wettbewerbe und Spazierg\u00e4nge und wird als Jurymitglied, Referent, Moderator und Podiumsdiskutant eingeladen. 1999 gr\u00fcndete er gemeinsam mit Sabine Voggenreiter das internationale Ausstellungs- und Veranstaltungsprojekt \u201eplan \u2013 Architektur Biennale K\u00f6ln\u201c. Von 2012 bis 2015 hat er im Auftrag der Stadt K\u00f6ln unter dem Projekttitel \u201eDer urbane Kongress\u201c gemeinsam mit Markus Ambach die erste Phase des neu eingerichteten \u201eStadtLabors f\u00fcr Kunst im \u00f6ffentlichen Raum\u201c konzipiert und umgesetzt. Seit 2015 ist er Vorsitzender des Kunstbeirats der Stadt K\u00f6ln.<\/i><\/p>\n<p><b>VERSPRECHEN<\/b><\/p>\n<p>Ausstellungsdauer: 10. Januar bis 23. April 2024<\/p>\n<p>Maximilian Erbacher setzt sich seit vielen Jahren mit den politischen, \u00f6konomischen und sozialen Dynamiken im \u00f6ffentlichen Raum auseinander. Mit humorvollen wie schneidenden Kommentaren reagiert er auf das Beobachtete in Form urbaner Interventionen, die von spontanen Gesten bis zu lang geplanten Projekten reichen. Die Ausstellung ebenso wie der begleitende Katalog bieten einen \u00dcberblick \u00fcber seine k\u00fcnstlerischen Arbeiten im \u00f6ffentlichen Raum zwischen 2008 und 2023.<\/p>\n<p>Galerie hell<br>PB-A 120\/3<br>Department Architektur<br>Fakult\u00e4t II Bildung \u00b7 Architektur \u00b7 K\u00fcnste<br>Universit\u00e4t Siegen<br>Paul-Bonatz-Str. 9-11 <br>57068 Siegen<\/p>\n<p><em><a href=\"https:\/\/web3.webhosting.zimt.uni-siegen.de\/gestaltung\/index.php\/maximilian-erbacher-versprechen\/\">Katalog- und Ausstellungsansichten<\/a><\/em><br><em><a href=\"https:\/\/web3.webhosting.zimt.uni-siegen.de\/gestaltung\/index.php\/maximilian-erbacher-versprechen\/\">Onlineversion des Katalogs auf dem OPUS-Server der Universit\u00e4tsbibliothek<\/a><\/em><\/p>\t\t\t\t\t\t\t\t<\/div>\n\t\t\t\t<\/div>\n\t\t\t\t\t<\/div>\n\t\t<\/div>\n\t\t\t\t\t<\/div>\n\t\t<\/section>\n\t\t\t\t<\/div>\n\t\t","protected":false},"excerpt":{"rendered":"<p>Wir laden Sie und Euch herzlich ein zur Finissage der Ausstellung VERSPRECHEN des K\u00fcnstlers Maximilian Erbacher am Dienstag, den 23. April um 18 Uhr. &nbsp; Die Finissage wird begleitet von einem K\u00fcnstlergespr\u00e4ch zwischen Maximilian Erbacher und Kay von Keitz. Abgeleitet aus Erbachers k\u00fcnstlerischer Arbeit sprechen die G\u00e4ste \u00fcber den \u00f6ffentlichen Raum als Ort der \u2013 [&hellip;]<\/p>\n","protected":false},"author":6,"featured_media":0,"parent":0,"menu_order":0,"comment_status":"closed","ping_status":"closed","template":"","meta":{"footnotes":""},"class_list":["post-8323","page","type-page","status-publish","hentry","entry"],"_links":{"self":[{"href":"https:\/\/gestaltung.architektur.uni-siegen.de\/index.php\/wp-json\/wp\/v2\/pages\/8323","targetHints":{"allow":["GET"]}}],"collection":[{"href":"https:\/\/gestaltung.architektur.uni-siegen.de\/index.php\/wp-json\/wp\/v2\/pages"}],"about":[{"href":"https:\/\/gestaltung.architektur.uni-siegen.de\/index.php\/wp-json\/wp\/v2\/types\/page"}],"author":[{"embeddable":true,"href":"https:\/\/gestaltung.architektur.uni-siegen.de\/index.php\/wp-json\/wp\/v2\/users\/6"}],"replies":[{"embeddable":true,"href":"https:\/\/gestaltung.architektur.uni-siegen.de\/index.php\/wp-json\/wp\/v2\/comments?post=8323"}],"version-history":[{"count":0,"href":"https:\/\/gestaltung.architektur.uni-siegen.de\/index.php\/wp-json\/wp\/v2\/pages\/8323\/revisions"}],"wp:attachment":[{"href":"https:\/\/gestaltung.architektur.uni-siegen.de\/index.php\/wp-json\/wp\/v2\/media?parent=8323"}],"curies":[{"name":"wp","href":"https:\/\/api.w.org\/{rel}","templated":true}]}}